
Evaluate 3 + 1 - 2 - (-13 - (67 + -100)).
-18
What is (50 - -16) + -68 + 129?
127
What is -28 + -18 - -127 - (-50 - -7)?
124
Evaluate 4 - 30 - (-3459 + 3474).
-41
What is the value of 33 + -42 + 30 + (1 - 12) - 42?
-32
What is the value of -12 + (27 - -19) + 28?
62
What is -79 + -89 + 18 + 276?
126
What is the value of 92 - (201 + -230 + 72)?
49
What is the value of -4 + (8 - 78) + (-154 - -164)?
-64
Calculate -29 - -2 - (278 + -292) - 30.
-43
What is the value of (10 - -4) + (55 - 62 - (105 - -2) - -5)?
-95
-30 + 9 + 1 - (-23 - -68) - 16
-81
What is the value of 1 + 1 - (12 + -2) - ((31 - 12) + -48)?
21
What is (203 - 106) + -111 + 16 + -1 - (1 - -67)?
-67
What is the value of 159 + -78 + -12 - (7 + 4 + (-2 - -1))?
59
Evaluate 81 + -30 + 5 + (-2 - 2) + (-6 - 2).
44
What is -31 - (-39 + 5) - 12?
-9
What is 136 + -156 - (2 + 59)?
-81
-14 + (-51 + 124 - 21)
38
Evaluate -20 + -2 - (-44 + -3 + -28).
53
What is the value of 77 + -216 - (15 - 278)?
124
-7 + 4 + 2 - (-17 + 8) - -23
31
Calculate -1497 - -1487 - ((1 - 2) + -7) - 15.
-17
Calculate (6 - 6 - -12) + -80 + (-1 + 2 - 13).
-80
What is the value of (-2152 - -2096) + (-30 - -3 - 2)?
-85
Calculate (-968 - -914) + -3 + 75.
18
What is the value of (-20 - -9) + -6 + 36 - 17?
2
What is (-9 - (16 + -19) - 11) + 43?
26
Evaluate -72 - (56 - 141 - 33).
46
What is 368 + -323 + -5 + -87?
-47
What is -32 + -2 + -6 + -313 + 335?
-18
What is 24 + -73 + 32 + 4 + -55 + -12?
-80
What is 12 + (-13 - -10) - 12?
-3
-18 + -3 + (-40 - 4 - -52)
-13
What is the value of -26 - 41 - (-9 + 0 - ((7 - 14) + -4))?
-69
Evaluate (0 - -7) + -17 + 25 + -21 + 14.
8
Evaluate -15 + 20 + 34 - 36 - (1 - -104) - 15.
-117
Calculate -2 + 2 + 8 + (-129 - (4 + -70)) - 0.
-55
Calculate -31 + (104 - 117) - (0 + 6 + 4 + -6).
-48
What is the value of (0 - (-34 - 0)) + (-2792 - -2794)?
36
Evaluate -7 + -3 + (49 - ((-6 - 5) + 12 - -10)).
28
Evaluate 5 + -44 - (163 + -184).
-18
-21 + 20 + 97 - (4 - (1 + -3 - -5))
95
Calculate 0 - -31 - (13487 + -13480).
24
What is -45 - (-30 + 25) - (-16 - -1)?
-25
-26 + -1 + 2 + (94 - 80) + -19
-30
What is 39 + (-41 - -27) + -18?
7
What is (64 - (0 + 6)) + (63 - 38) + -22?
61
8 + (-20 + 6 - -1 - (0 - -5))
-10
43 + (2 - (-1 - -2)) + (-269 - -278)
53
What is (7 - (-32 - -17)) + 32?
54
Calculate (7 + 55 + -33 - 32) + 24 + 0.
21
What is the value of -1 - -75 - ((1 - -12) + -12) - (-36 + 28)?
81
What is 14 + 1 + 11 + (-5 - -51 - 26)?
46
-90 + (-47 - -80) + 38
-19
What is (44 - (33 - -71)) + -6 + 3 + -3?
-66
Evaluate -130 + (63 - -69) - -51.
53
What is -5 + -45 + -4 + (8 - -9 - 18)?
-55
What is the value of -6 - (-87 - -51 - (5 + 0)) - (-6 - -9)?
32
Evaluate (5 + -19 + 25 - 13) + -10.
-12
Evaluate (-42 - (4 + -21 - 2)) + 40.
17
Evaluate (2 - 13) + (16 - -7) - (68 - 1).
-55
(-12280 - -12485) + -1 + -73
131
What is the value of (-52 - -24 - -52) + -14 + -40?
-30
What is the value of (-39 - ((18 - 41) + 3)) + 11?
-8
Calculate -8 - -3 - (5 - (21 - (-15 - (-22 + 9)))).
13
What is the value of 37 + -55 + 19 + 0?
1
What is (100 - 204 - -100) + (-5 - -1)?
-8
(0 - -1) + (15 - (21 + 21)) + 14 - -39
27
What is the value of (22 - 7) + (-23 - 2) + -12?
-22
-58 + (-4 - (4 + -6) - -1) - (28 - 31)
-56
Evaluate 60 + -93 + 28 + -5.
-10
What is the value of -17 - (2 - (6 + -6) - (-96 + 177))?
62
Evaluate (-4 + (-16 - 23) - (-19 - -4)) + 10.
-18
Calculate (-40 - -2) + -138 + -30 + 79.
-127
Calculate -14 + 23 + -8 + -9.
-8
3 - -1 - (-53 + (-2 - -11) + 6 - 2)
44
Evaluate (99 - (-39 - -124)) + (-9 - (0 - 1)).
6
9 + 7 - (-159 - ((-1 - 15) + -9))
150
3 - 24 - ((-7 - -6) + 6 + -8)
-18
Calculate (-20 + 14 + -3 + 14 - (14 - 1)) + 120.
112
Calculate 2 + -58 - (-88 + 167 + -66).
-69
Evaluate 130 + -123 - ((-1 - -8 - 3) + 42).
-39
What is the value of -1 - ((22 - (8 + -10)) + (-11 + 16 - 3))?
-27
Evaluate 35 + -31 - 35 - (-3 - -1 - (-10 - -1)).
-38
Calculate 5 - (-4 + 0 + -71 + 40) - 0.
40
What is the value of 70 + -41 - 42 - ((-7 - -4) + 23)?
-33
What is the value of 30 + (-7 - (-61 + 43))?
41
What is (-21 - -4) + -37 + 36 + 13?
-5
What is (22 - 12) + -9 + (6 - (-2 + -1)) + 57?
67
What is -4 + 5 - (-20 + (32 + -1 - 19))?
9
What is (-10 - (6 + (-11 - 19))) + -9 + -39?
-34
Evaluate 12 + (17 - (10 + 4 + -5 + -5)).
25
Calculate 2071 + -2081 - (-35 + (-1 - 1)).
27
What is (-54 + 134 + -76 - (-1 + -1 + -2)) + 127?
135
What is the value of -13 + 4 + 9 + 19 - -2?
21
What is -117 + 61 + 99 + 4?
47
-12 + (13 - 40) + 29 + (-26 - -3)
-33
Calculate -7 - (66 + -36 + -68).
31
What is the value of 23 - 13 - -6 - ((-13 - 0) + -13)?
42
Evaluate (319 - 292) + -1 + -7.
19
Evaluate -31 - (18 + (29 - (10 - -15))).
-53
Evaluate -43 - (40 + -31 - ((1 - -4) + -1) - 11).
-37
What is the value of -2 + 18 - (-703 - -704)?
15
9 + (26 - (-2 + (-15 + 2 - (3 + -11))))
42
What is the value of 50 + (17 - (-47 + 56))?
58
What is 72 - (28 + -5) - 34 - -31?
46
125 + -77 - (-40 - -93)
-5
(-3 - -30) + 35 + -61 + -29 + 2 + 2
-24
Calculate -20 - (28 + -4 - (9 - (2 - 12))).
-25
What is (18 - 49) + (51 - 63)?
-43
What is 51 + (4 - -1 - (-6 - -6 - -6)) + -1?
49
What is the value of 13 + (-28 - (48 + 5 - 38))?
-30
What is the value of -48 + -5 + 3129 + -3102?
-26
Calculate 31 - (-33 + 22 + 11).
31
Evaluate 18 + -36 + 0 - (10 - (82 + -12)).
42
What is (-56 - (-152 + 56)) + 7?
47
21 + -9 + (-99 - -120)
33
What is 0 + 17 - (50 + -13 + -6 + 5)?
-19
Calculate -7 - (-86 - (107 + -202) - (1 - 1 - -105)).
89
What is 129 - (3 - (-121 - -11))?
16
What is the value of -24 - 0 - (-8 - (-8 + -42 + 25))?
-41
What is the value of 2 + 15 - (-83 + 63 + 12)?
25
Calculate (-2 - 64) + -2390 + 2387.
-69
Calculate -162 + 17 - -127 - 99.
-117
What is -5 + (-97 - 2) - (24 - 53)?
-75
What is the value of -348 + (1 - -316) - ((0 - -1) + 5 - 0)?
-37
What is the value of (686 - 734) + (-2 - (-21 - -4)) + -2?
-35
What is 94 + (6 - -9 - 102)?
7
Evaluate (-19 - (20 - 17)) + -6 - 21.
-49
Evaluate (-33 - (6 + -8 + 11)) + 9 - 10.
-43
What is the value of 90 - ((-8 - -19) + 36)?
43
What is (41 - 143 - -93) + 45?
36
-64 + 0 + (149 + -28 - 109)
-52
What is -110 + (37 - (-19 - (28 - 57)))?
-83
What is the value of 64 - 185 - -71 - -98?
48
What is the value of -1 + 23 + (-83 + 45 - -1)?
-15
What is the value of -1 - ((16 - 24) + 33)?
-26
What is the value of -36 + 40 + -8 + 25 + (0 - 3)?
18
Evaluate 5 + -5 + -16 - (69 - 59).
-26
What is the value of 17 - 24 - (-70 - (2 - 11 - -8))?
62
(-104 - (-63 + 45 + -9)) + -7
-84
What is the value of -1 - (2 + -1 - -21) - -4?
-19
-28 + (-11 - -12) + 60
33
-21 + (3 - -8) + 206 + -190
6
Evaluate 6 + ((1 - 0) + (165 - 153) - 12).
7
What is -57 - (7 - 0 - (-8 - -7) - 14)?
-51
Evaluate 1 + (51 - 16) + -7 + 15 + 3.
47
Calculate -1 + (-5 - 2) + ((2 - -11) + -26 - -51).
30
What is the value of (-2 - (17 + 15 + -24)) + (-41 - (-2 - -5))?
-54
What is the value of -6 + (-68 - -13) + 31?
-30
Evaluate -42 - 0 - (-471 - -399).
30
What is the value of (-4 - -2 - 14 - (-97 - -105)) + 60 + -63?
-27
What is 24 - 44 - (2 + 12 + -6 + 0)?
-28
What is the value of -17 - (-117 + 108 - (-21 - -1))?
-28
Evaluate 12 - (-7 + 20 + (-5 - 14) + 7).
11
What is 6 + (17 - 26) + 22 + -8 + -4?
7
Evaluate 119 + (-15 - -1 - (13 + -41 + (10 - -4))).
119
What is 1 + 5 + -51 + 42 + 10 - (9 - 132)?
130
What is the value of -135 - -21 - -120 - (25 + 3 + -3)?
-19
-47 - ((11 + -47 + 19 - -21) + -1)
-50
Evaluate -8 - (-2 - -1) - (-101 + 13 + 91).
-10
-1 - 62 - (-95 + 36 + 46) - (2 + -1)
-51
What is 14 - (-4 + (-6 - 27) + 23)?
28
What is (-4 - 6) + -18 + ((5 - 0) + -6 - -1)?
-28
Calculate (-1 - -68) + (29 + -55 + 20 - 18).
43
What is the value of 12 + 2 - 5 - (6 + (-13 - 8) + -7)?
31
Calculate 956 + -878 + (-165 - -7).
-80
Calculate -74 - (-27 - (72 - 100 - (-3 + -8))).
-64
What is 2 + -2 + -1 + (2 - 9 - -6) + 27?
25
Evaluate 13 + -115 + 27 + 89.
14
-16 + 148 + -23 + -62
47
What is the value of (-1 + 19 - 1) + 17 + -30 + (-4 - -28)?
28
Calculate (72 - (-11 + 4 - -4)) + (342 - 321).
96
-5 + -14 - 5 - (153 + -170)
-7
Evaluate (21 - ((9 - -17) + 15)) + -18.
-38
Calculate -1 - 13 - (17 + (-70 - -67)).
-28
Evaluate -19 + 3 - (4 + 1 + (687 - 670)).
-38
(1175 - 1160) + (-2 - -56)
69
What is -4 + -2 + ((16 - 44) + 11 - -4)?
-19
-65 - (-73 - 0) - 23
-15
4497 - 4473 - (-23 + -2)
49
Calculate 24 - (-90 + 24 + 33 + -2).
59
Evaluate -110 + 6